{"id":4670,"date":"2020-03-09T12:13:49","date_gmt":"2020-03-09T12:13:49","guid":{"rendered":"https:\/\/www.portimar.com\/experiences\/vicentine-route\/"},"modified":"2020-03-09T15:27:16","modified_gmt":"2020-03-09T15:27:16","slug":"vicentine-route","status":"publish","type":"experiences","link":"https:\/\/www.portimar.com\/de\/experiences\/vicentine-route\/","title":{"rendered":"Rota Vicentina"},"content":{"rendered":"\n<h2>Vila Nova de Mil Fontes \u2022 Porto Covo \u2022 Almograve \u2022 Zambujeira do Mar<\/h2>\n\n\n\n<h6>Die Rota Vicentina ist ein Netz von Wanderwegen im S\u00fcdwesten Portugals, insgesamt 450 km zwischen den Klippen in einer der sch\u00f6nsten K\u00fcstenregionen Europas.<\/h6>\n\n\n\n<div class=\"wp-block-kobu-custom-blocks-responsive-spacer responsive-spacer size-medium\"><\/div>\n\n\n\n<div class=\"wp-block-kobu-custom-blocks-slider-gallery slider-gallery gallery-container hidden\"><div class=\"gallery\" role=\"list\"><div class=\"slide\" role=\"listitem\"><div class=\"figure-wrapper\" style=\"background-image:url(https:\/\/www.portimar.com\/files\/uploads\/2019\/10\/34754562921_cec4cb3bb2_o.jpg)\"><figure><img src=\"https:\/\/www.portimar.com\/files\/uploads\/2019\/10\/34754562921_cec4cb3bb2_o.jpg\" alt=\"\"\/><\/figure><\/div><\/div><div class=\"slide\" role=\"listitem\"><div class=\"figure-wrapper\" style=\"background-image:url(https:\/\/www.portimar.com\/files\/uploads\/2019\/10\/Almograve.jpg)\"><figure><img src=\"https:\/\/www.portimar.com\/files\/uploads\/2019\/10\/Almograve.jpg\" alt=\"\"\/><\/figure><\/div><\/div><div class=\"slide\" role=\"listitem\"><div class=\"figure-wrapper\" style=\"background-image:url(https:\/\/www.portimar.com\/files\/uploads\/2019\/10\/8757790198_6af2e4f2aa_o.jpg)\"><figure><img src=\"https:\/\/www.portimar.com\/files\/uploads\/2019\/10\/8757790198_6af2e4f2aa_o.jpg\" alt=\"\"\/><\/figure><\/div><\/div><\/div><\/div>\n\n\n\n<div class=\"wp-block-kobu-custom-blocks-responsive-spacer responsive-spacer size-medium\"><\/div>\n\n\n\n<h6 style=\"text-align:left\">Dieses Paket beinhaltet<\/h6>\n\n\n\n<div class=\"wp-block-kobu-custom-blocks-responsive-spacer responsive-spacer size-small\"><\/div>\n\n\n\n<ul><li>5 Tage \/ 4 N\u00e4chte<\/li><\/ul>\n\n\n\n<div class=\"wp-block-kobu-custom-blocks-responsive-spacer responsive-spacer size-small\"><\/div>\n\n\n\n<ul><li>\u00dcbernachtung und Fr\u00fchst\u00fcck<\/li><\/ul>\n\n\n\n<div class=\"wp-block-kobu-custom-blocks-responsive-spacer responsive-spacer size-small\"><\/div>\n\n\n\n<ul><li>Gep\u00e4cktransport zwischen den Hotels<\/li><\/ul>\n\n\n\n<div class=\"wp-block-kobu-custom-blocks-responsive-spacer responsive-spacer size-small\"><\/div>\n\n\n\n<ul><li>Unterst\u00fctzendes Material<\/li><\/ul>\n\n\n\n<div class=\"wp-block-kobu-custom-blocks-responsive-spacer responsive-spacer size-medium\"><\/div>\n\n\n\n<figure class=\"wp-block-image\"><img loading=\"lazy\" width=\"1024\" height=\"680\" src=\"https:\/\/www.portimar.com\/files\/uploads\/2019\/10\/Zambujeira-do-Mar-2-1024x680.jpg\" alt=\"\" class=\"wp-image-3579\" srcset=\"https:\/\/www.portimar.com\/files\/uploads\/2019\/10\/Zambujeira-do-Mar-2-1024x680.jpg 1024w, https:\/\/www.portimar.com\/files\/uploads\/2019\/10\/Zambujeira-do-Mar-2-300x199.jpg 300w, https:\/\/www.portimar.com\/files\/uploads\/2019\/10\/Zambujeira-do-Mar-2-768x510.jpg 768w, https:\/\/www.portimar.com\/files\/uploads\/2019\/10\/Zambujeira-do-Mar-2.jpg 1500w\" sizes=\"(max-width: 1024px) 100vw, 1024px\" \/><\/figure>\n\n\n\n<div class=\"wp-block-kobu-custom-blocks-responsive-spacer responsive-spacer size-medium\"><\/div>\n\n\n\n<h6 style=\"text-align:left\">Reiseverlauf<\/h6>\n\n\n\n<div class=\"wp-block-kobu-custom-blocks-responsive-spacer responsive-spacer size-small\"><\/div>\n\n\n\n<p><strong>Tag 1<\/strong> <strong>\u2013<\/strong> Bei der Ankunft gibt es ein Feldf\u00fchrer und eine Karte der Rota Vicentina &#8211; zwei wichtige Hilfsmittel, um die von uns vorgeschlagenen Wanderwege zu genie\u00dfen. Unterkunft in Vila Nova de Milfontes (2 N\u00e4chte).<\/p>\n\n\n\n<div class=\"wp-block-kobu-custom-blocks-responsive-spacer responsive-spacer size-small\"><\/div>\n\n\n\n<p><strong>Tag 2<\/strong> <strong>\u2013<\/strong> Wanderung: Porto Covo &#8211; Vila Nova de Milfontes | 20 km Transfer von Vila Nova de Milfontes nach Porto Covo.<\/p>\n\n\n\n<div class=\"wp-block-kobu-custom-blocks-responsive-spacer responsive-spacer size-small\"><\/div>\n\n\n\n<p><strong>Tag 3 \u2013<\/strong> Wanderung | Vila Nova de Milfontes &#8211; Almograve (15 km)<\/p>\n\n\n\n<p>Diese Route bietet einen atemberaubenden Blick \u00fcber Vila Nova de Milfontes und den Fluss Mira an einem kurzen und zug\u00e4nglichen Wandertag, sodass Sie die Region in vollen Z\u00fcgen genie\u00dfen k\u00f6nnen.<\/p>\n\n\n\n<p>Transfers | Gep\u00e4cktransfer von Vila Nova de Milfontes nach Longueira. <\/p>\n\n\n\n<p>Unterkunft in Almograve &#8211; Longueira (1 Nacht).<\/p>\n\n\n\n<div class=\"wp-block-kobu-custom-blocks-responsive-spacer responsive-spacer size-small\"><\/div>\n\n\n\n<p><strong>Tag 4<\/strong> <strong>\u2013<\/strong> Wanderung | Almograve &#8211; Zambujeira do Mar (22 km)<\/p>\n\n\n\n<p>Handgefertigte Fischereih\u00e4fen, r\u00f6tliche D\u00fcnen und der Duft von Pinienw\u00e4ldern machen diese Wanderung zu einem wahren Balsam f\u00fcr die Sinne. <\/p>\n\n\n\n<p>Transfers | Gep\u00e4cktransfer von Almograve nach Zambujeira do Mar.<\/p>\n\n\n\n<p>Unterkunft in Zambujeira do Mar (1 Nacht).<\/p>\n\n\n\n<div class=\"wp-block-kobu-custom-blocks-responsive-spacer responsive-spacer size-small\"><\/div>\n\n\n\n<p><strong>Tag 5 \u2013<\/strong> Programmende.<\/p>\n\n\n\n<div class=\"wp-block-kobu-custom-blocks-responsive-spacer responsive-spacer size-medium\"><\/div>\n\n\n\n<p><strong>F\u00fcr weitere Informationen oder Reservierungen wenden Sie sich bitte an unser Call Center.<\/strong><\/p>\n","protected":false},"excerpt":{"rendered":"<p>Vila Nova de Mil Fontes \u2022 Porto Covo \u2022 Almograve \u2022 Zambujeira do Mar Die Rota Vicentina ist ein Netz von Wanderwegen im S\u00fcdwesten Portugals, insgesamt 450 km zwischen den Klippen in einer der sch\u00f6nsten K\u00fcstenregionen Europas. Dieses Paket beinhaltet 5 Tage \/ 4 N\u00e4chte \u00dcbernachtung und Fr\u00fchst\u00fcck Gep\u00e4cktransport zwischen den Hotels Unterst\u00fctzendes Material Reiseverlauf [&hellip;]<\/p>\n","protected":false},"featured_media":3584,"menu_order":0,"template":"","categories":[],"tags":[],"_links":{"self":[{"href":"https:\/\/www.portimar.com\/de\/wp-json\/wp\/v2\/experiences\/4670"}],"collection":[{"href":"https:\/\/www.portimar.com\/de\/wp-json\/wp\/v2\/experiences"}],"about":[{"href":"https:\/\/www.portimar.com\/de\/wp-json\/wp\/v2\/types\/experiences"}],"version-history":[{"count":12,"href":"https:\/\/www.portimar.com\/de\/wp-json\/wp\/v2\/experiences\/4670\/revisions"}],"predecessor-version":[{"id":4726,"href":"https:\/\/www.portimar.com\/de\/wp-json\/wp\/v2\/experiences\/4670\/revisions\/4726"}],"wp:featuredmedia":[{"embeddable":true,"href":"https:\/\/www.portimar.com\/de\/wp-json\/wp\/v2\/media\/3584"}],"wp:attachment":[{"href":"https:\/\/www.portimar.com\/de\/wp-json\/wp\/v2\/media?parent=4670"}],"wp:term":[{"taxonomy":"category","embeddable":true,"href":"https:\/\/www.portimar.com\/de\/wp-json\/wp\/v2\/categories?post=4670"},{"taxonomy":"post_tag","embeddable":true,"href":"https:\/\/www.portimar.com\/de\/wp-json\/wp\/v2\/tags?post=4670"}],"curies":[{"name":"wp","href":"https:\/\/api.w.org\/{rel}","templated":true}]}}

<h2>Vila Nova de Mil Fontes • Porto Covo • Almograve • Zambujeira do Mar</h2>



<h6>Die Rota Vicentina ist ein Netz von Wanderwegen im Südwesten Portugals, insgesamt 450 km zwischen den Klippen in einer der schönsten Küstenregionen Europas.</h6>



<div class="wp-block-kobu-custom-blocks-responsive-spacer responsive-spacer size-medium"></div>



<div class="wp-block-kobu-custom-blocks-slider-gallery slider-gallery gallery-container hidden"><div class="gallery" role="list"><div class="slide" role="listitem"><div class="figure-wrapper" style="background-image:url(https://www.portimar.com/files/uploads/2019/10/34754562921_cec4cb3bb2_o.jpg)"><figure><img src="https://www.portimar.com/files/uploads/2019/10/34754562921_cec4cb3bb2_o.jpg" alt=""/></figure></div></div><div class="slide" role="listitem"><div class="figure-wrapper" style="background-image:url(https://www.portimar.com/files/uploads/2019/10/Almograve.jpg)"><figure><img src="https://www.portimar.com/files/uploads/2019/10/Almograve.jpg" alt=""/></figure></div></div><div class="slide" role="listitem"><div class="figure-wrapper" style="background-image:url(https://www.portimar.com/files/uploads/2019/10/8757790198_6af2e4f2aa_o.jpg)"><figure><img src="https://www.portimar.com/files/uploads/2019/10/8757790198_6af2e4f2aa_o.jpg" alt=""/></figure></div></div></div></div>



<div class="wp-block-kobu-custom-blocks-responsive-spacer responsive-spacer size-medium"></div>



<h6 style="text-align:left">Dieses Paket beinhaltet</h6>



<div class="wp-block-kobu-custom-blocks-responsive-spacer responsive-spacer size-small"></div>



<ul><li>5 Tage / 4 Nächte</li></ul>



<div class="wp-block-kobu-custom-blocks-responsive-spacer responsive-spacer size-small"></div>



<ul><li>Übernachtung und Frühstück</li></ul>



<div class="wp-block-kobu-custom-blocks-responsive-spacer responsive-spacer size-small"></div>



<ul><li>Gepäcktransport zwischen den Hotels</li></ul>



<div class="wp-block-kobu-custom-blocks-responsive-spacer responsive-spacer size-small"></div>



<ul><li>Unterstützendes Material</li></ul>



<div class="wp-block-kobu-custom-blocks-responsive-spacer responsive-spacer size-medium"></div>



<figure class="wp-block-image"><img loading="lazy" width="1024" height="680" src="https://www.portimar.com/files/uploads/2019/10/Zambujeira-do-Mar-2-1024x680.jpg" alt="" class="wp-image-3579" srcset="https://www.portimar.com/files/uploads/2019/10/Zambujeira-do-Mar-2-1024x680.jpg 1024w, https://www.portimar.com/files/uploads/2019/10/Zambujeira-do-Mar-2-300x199.jpg 300w, https://www.portimar.com/files/uploads/2019/10/Zambujeira-do-Mar-2-768x510.jpg 768w, https://www.portimar.com/files/uploads/2019/10/Zambujeira-do-Mar-2.jpg 1500w" sizes="(max-width: 1024px) 100vw, 1024px" /></figure>



<div class="wp-block-kobu-custom-blocks-responsive-spacer responsive-spacer size-medium"></div>



<h6 style="text-align:left">Reiseverlauf</h6>



<div class="wp-block-kobu-custom-blocks-responsive-spacer responsive-spacer size-small"></div>



<p><strong>Tag 1</strong> <strong>–</strong> Bei der Ankunft gibt es ein Feldführer und eine Karte der Rota Vicentina &#8211; zwei wichtige Hilfsmittel, um die von uns vorgeschlagenen Wanderwege zu genießen. Unterkunft in Vila Nova de Milfontes (2 Nächte).</p>



<div class="wp-block-kobu-custom-blocks-responsive-spacer responsive-spacer size-small"></div>



<p><strong>Tag 2</strong> <strong>–</strong> Wanderung: Porto Covo &#8211; Vila Nova de Milfontes | 20 km Transfer von Vila Nova de Milfontes nach Porto Covo.</p>



<div class="wp-block-kobu-custom-blocks-responsive-spacer responsive-spacer size-small"></div>



<p><strong>Tag 3 –</strong> Wanderung | Vila Nova de Milfontes &#8211; Almograve (15 km)</p>



<p>Diese Route bietet einen atemberaubenden Blick über Vila Nova de Milfontes und den Fluss Mira an einem kurzen und zugänglichen Wandertag, sodass Sie die Region in vollen Zügen genießen können.</p>



<p>Transfers | Gepäcktransfer von Vila Nova de Milfontes nach Longueira. </p>



<p>Unterkunft in Almograve &#8211; Longueira (1 Nacht).</p>



<div class="wp-block-kobu-custom-blocks-responsive-spacer responsive-spacer size-small"></div>



<p><strong>Tag 4</strong> <strong>–</strong> Wanderung | Almograve &#8211; Zambujeira do Mar (22 km)</p>



<p>Handgefertigte Fischereihäfen, rötliche Dünen und der Duft von Pinienwäldern machen diese Wanderung zu einem wahren Balsam für die Sinne. </p>



<p>Transfers | Gepäcktransfer von Almograve nach Zambujeira do Mar.</p>



<p>Unterkunft in Zambujeira do Mar (1 Nacht).</p>



<div class="wp-block-kobu-custom-blocks-responsive-spacer responsive-spacer size-small"></div>



<p><strong>Tag 5 –</strong> Programmende.</p>



<div class="wp-block-kobu-custom-blocks-responsive-spacer responsive-spacer size-medium"></div>



<p><strong>Für weitere Informationen oder Reservierungen wenden Sie sich bitte an unser Call Center.</strong></p>

<p>Vila Nova de Mil Fontes • Porto Covo • Almograve • Zambujeira do Mar Die Rota Vicentina ist ein Netz von Wanderwegen im Südwesten Portugals, insgesamt 450 km zwischen den Klippen in einer der schönsten Küstenregionen Europas. Dieses Paket beinhaltet 5 Tage / 4 Nächte Übernachtung und Frühstück Gepäcktransport zwischen den Hotels Unterstützendes Material Reiseverlauf [&hellip;]</p>
