{"id":3154,"date":"2019-10-06T17:30:25","date_gmt":"2019-10-06T17:30:25","guid":{"rendered":"https:\/\/www.portimar.com\/?page_id=3154"},"modified":"2021-07-23T08:32:43","modified_gmt":"2021-07-23T08:32:43","slug":"ficha-de-projeto","status":"publish","type":"page","link":"https:\/\/www.portimar.com\/pt-pt\/ficha-de-projeto\/","title":{"rendered":"Ficha de Projeto"},"content":{"rendered":"\n<figure class=\"wp-block-image\"><img loading=\"lazy\" width=\"1000\" height=\"152\" src=\"https:\/\/www.portimar.com\/files\/uploads\/2019\/10\/POAlgarve_PT2020_FEDER.png\" alt=\"\" class=\"wp-image-3156\" srcset=\"https:\/\/www.portimar.com\/files\/uploads\/2019\/10\/POAlgarve_PT2020_FEDER.png 1000w, https:\/\/www.portimar.com\/files\/uploads\/2019\/10\/POAlgarve_PT2020_FEDER-300x46.png 300w, https:\/\/www.portimar.com\/files\/uploads\/2019\/10\/POAlgarve_PT2020_FEDER-768x117.png 768w\" sizes=\"(max-width: 1000px) 100vw, 1000px\" \/><\/figure>\n\n\n\n<div class=\"wp-block-kobu-custom-blocks-responsive-spacer responsive-spacer size-small\"><\/div>\n\n\n\n<p><strong>Designa\u00e7\u00e3o do projeto\u00a0|<\/strong>\u00a0PROJETOS INDIVIDUAIS &#8211; Internacionaliza\u00e7\u00e3o<br><strong>C\u00f3digo do projeto\u00a0|<\/strong>\u00a0ALG &#8211; 02 &#8211; 0752 &#8211; FEDER &#8211; 034582<br><strong>Objetivo principal\u00a0|<\/strong>\u00a0O presente projeto tem como objetivo capacitar a Portimar para a internacionaliza\u00e7\u00e3o, atrav\u00e9s de fatores din\u00e2micos de competividade, que permitir\u00e1 aumentar as exporta\u00e7\u00f5es, a notoriedade e visibilidade internacional da empresa e de Portugal, enquanto destino tur\u00edstico de elei\u00e7\u00e3o.<br><strong>Regi\u00e3o de interven\u00e7\u00e3o\u00a0|<\/strong>\u00a0Algarve<br><strong>Entidade benefici\u00e1ria\u00a0|<\/strong>\u00a0PORTIMAR &#8211; AG\u00caNCIA DE VIAGENS E TURISMO, LDA<br><strong>Data da aprova\u00e7\u00e3o\u00a0|\u00a0<\/strong>22 fevereiro 2018<br><strong>Data de in\u00edcio\u00a0|<\/strong>\u00a001 novembro 2017<br><strong>Data de conclus\u00e3o\u00a0|<\/strong>\u00a031 outubro 2021<br><strong>Custo total eleg\u00edvel\u00a0|<\/strong>\u00a0509.907,00<br><strong>Apoio financeiro da Uni\u00e3o Europeia\u00a0|<\/strong>\u00a0FEDER &#8211; 229.458,15 \u20ac<\/p>\n\n\n\n<div class=\"wp-block-kobu-custom-blocks-responsive-spacer responsive-spacer size-small\"><\/div>\n\n\n\n<h3><strong>Objetivos, atividades e resultados esperados<\/strong><\/h3>\n\n\n\n<p>A PORTIMAR &#8211; AG\u00caNCIA DE VIAGENS E TURISMO, LDA tem curso um projeto cofinanciado no \u00e2mbito do Portugal 2020, com o objetivo de refor\u00e7ar o processo de internacionaliza\u00e7\u00e3o.<\/p>\n\n\n\n<div class=\"wp-block-kobu-custom-blocks-responsive-spacer responsive-spacer size-small\"><\/div>\n\n\n\n<h3><strong>Designa\u00e7\u00e3o do projeto:<\/strong><\/h3>\n\n\n\n<p>O projeto de investimento apoiado visa potenciar a capacita\u00e7\u00e3o empresarial da Portimar para a internacionaliza\u00e7\u00e3o, com vista a promover o aumento da sua base e capacidade exportadora atrav\u00e9s do aumento da quota nos mercados atuais e entrada em novos mercados.<\/p>\n\n\n\n<div class=\"wp-block-kobu-custom-blocks-responsive-spacer responsive-spacer size-small\"><\/div>\n\n\n\n<h3><strong>Breve descri\u00e7\u00e3o da opera\u00e7\u00e3o:<\/strong><\/h3>\n\n\n\n<p>De forma a concretizar o nosso plano de internacionaliza\u00e7\u00e3o, iremos proceder \u00e0 realiza\u00e7\u00e3o das seguintes tipologias de opera\u00e7\u00e3o:<br><strong>&#8211;<\/strong>&nbsp;Presen\u00e7a na web, atrav\u00e9s da economia digital;<br><strong>&#8211;&nbsp;<\/strong>Prospe\u00e7\u00e3o e presen\u00e7a em mercados internacionais (prospe\u00e7\u00e3o e capta\u00e7\u00e3o de novos clientes);<br><strong>&#8211;<\/strong>&nbsp;Marketing internacional;<br><strong>&#8211;<\/strong>&nbsp;Introdu\u00e7\u00e3o de novo m\u00e9todo de organiza\u00e7\u00e3o nas pr\u00e1ticas comerciais ou nas rela\u00e7\u00f5es externas;<br><strong>&#8211;<\/strong>&nbsp;Certifica\u00e7\u00f5es espec\u00edficas para os mercados externos.<\/p>\n\n\n\n<div class=\"wp-block-kobu-custom-blocks-responsive-spacer responsive-spacer size-small\"><\/div>\n\n\n\n<h3><strong>Objetivos Principais:<\/strong><\/h3>\n\n\n\n<p><strong>&#8211;<\/strong>&nbsp;Aumentar a competitividade, a flexibilidade e a capacidade de resposta no mercado global;<br><strong>&#8211;<\/strong>&nbsp;Incrementar a sua capacidade para a internacionaliza\u00e7\u00e3o dos seus servi\u00e7os transacion\u00e1veis diferenciadores.<\/p>\n\n\n\n<div class=\"wp-block-kobu-custom-blocks-responsive-spacer responsive-spacer size-medium\"><\/div>\n","protected":false},"excerpt":{"rendered":"<p>Designa\u00e7\u00e3o do projeto\u00a0|\u00a0PROJETOS INDIVIDUAIS &#8211; Internacionaliza\u00e7\u00e3oC\u00f3digo do projeto\u00a0|\u00a0ALG &#8211; 02 &#8211; 0752 &#8211; FEDER &#8211; 034582Objetivo principal\u00a0|\u00a0O presente projeto tem como objetivo capacitar a Portimar para a internacionaliza\u00e7\u00e3o, atrav\u00e9s de fatores din\u00e2micos de competividade, que permitir\u00e1 aumentar as exporta\u00e7\u00f5es, a notoriedade e visibilidade internacional da empresa e de Portugal, enquanto destino tur\u00edstico de elei\u00e7\u00e3o.Regi\u00e3o de [&hellip;]<\/p>\n","protected":false},"author":1,"featured_media":1699,"parent":0,"menu_order":15,"comment_status":"closed","ping_status":"closed","template":"","meta":[],"_links":{"self":[{"href":"https:\/\/www.portimar.com\/pt-pt\/wp-json\/wp\/v2\/pages\/3154"}],"collection":[{"href":"https:\/\/www.portimar.com\/pt-pt\/wp-json\/wp\/v2\/pages"}],"about":[{"href":"https:\/\/www.portimar.com\/pt-pt\/wp-json\/wp\/v2\/types\/page"}],"author":[{"embeddable":true,"href":"https:\/\/www.portimar.com\/pt-pt\/wp-json\/wp\/v2\/users\/1"}],"replies":[{"embeddable":true,"href":"https:\/\/www.portimar.com\/pt-pt\/wp-json\/wp\/v2\/comments?post=3154"}],"version-history":[{"count":6,"href":"https:\/\/www.portimar.com\/pt-pt\/wp-json\/wp\/v2\/pages\/3154\/revisions"}],"predecessor-version":[{"id":5403,"href":"https:\/\/www.portimar.com\/pt-pt\/wp-json\/wp\/v2\/pages\/3154\/revisions\/5403"}],"wp:featuredmedia":[{"embeddable":true,"href":"https:\/\/www.portimar.com\/pt-pt\/wp-json\/wp\/v2\/media\/1699"}],"wp:attachment":[{"href":"https:\/\/www.portimar.com\/pt-pt\/wp-json\/wp\/v2\/media?parent=3154"}],"curies":[{"name":"wp","href":"https:\/\/api.w.org\/{rel}","templated":true}]}}

<figure class="wp-block-image"><img loading="lazy" width="1000" height="152" src="https://www.portimar.com/files/uploads/2019/10/POAlgarve_PT2020_FEDER.png" alt="" class="wp-image-3156" srcset="https://www.portimar.com/files/uploads/2019/10/POAlgarve_PT2020_FEDER.png 1000w, https://www.portimar.com/files/uploads/2019/10/POAlgarve_PT2020_FEDER-300x46.png 300w, https://www.portimar.com/files/uploads/2019/10/POAlgarve_PT2020_FEDER-768x117.png 768w" sizes="(max-width: 1000px) 100vw, 1000px" /></figure>



<div class="wp-block-kobu-custom-blocks-responsive-spacer responsive-spacer size-small"></div>



<p><strong>Designação do projeto |</strong> PROJETOS INDIVIDUAIS &#8211; Internacionalização<br><strong>Código do projeto |</strong> ALG &#8211; 02 &#8211; 0752 &#8211; FEDER &#8211; 034582<br><strong>Objetivo principal |</strong> O presente projeto tem como objetivo capacitar a Portimar para a internacionalização, através de fatores dinâmicos de competividade, que permitirá aumentar as exportações, a notoriedade e visibilidade internacional da empresa e de Portugal, enquanto destino turístico de eleição.<br><strong>Região de intervenção |</strong> Algarve<br><strong>Entidade beneficiária |</strong> PORTIMAR &#8211; AGÊNCIA DE VIAGENS E TURISMO, LDA<br><strong>Data da aprovação | </strong>22 fevereiro 2018<br><strong>Data de início |</strong> 01 novembro 2017<br><strong>Data de conclusão |</strong> 31 outubro 2021<br><strong>Custo total elegível |</strong> 509.907,00<br><strong>Apoio financeiro da União Europeia |</strong> FEDER &#8211; 229.458,15 €</p>



<div class="wp-block-kobu-custom-blocks-responsive-spacer responsive-spacer size-small"></div>



<h3><strong>Objetivos, atividades e resultados esperados</strong></h3>



<p>A PORTIMAR &#8211; AGÊNCIA DE VIAGENS E TURISMO, LDA tem curso um projeto cofinanciado no âmbito do Portugal 2020, com o objetivo de reforçar o processo de internacionalização.</p>



<div class="wp-block-kobu-custom-blocks-responsive-spacer responsive-spacer size-small"></div>



<h3><strong>Designação do projeto:</strong></h3>



<p>O projeto de investimento apoiado visa potenciar a capacitação empresarial da Portimar para a internacionalização, com vista a promover o aumento da sua base e capacidade exportadora através do aumento da quota nos mercados atuais e entrada em novos mercados.</p>



<div class="wp-block-kobu-custom-blocks-responsive-spacer responsive-spacer size-small"></div>



<h3><strong>Breve descrição da operação:</strong></h3>



<p>De forma a concretizar o nosso plano de internacionalização, iremos proceder à realização das seguintes tipologias de operação:<br><strong>&#8211;</strong>&nbsp;Presença na web, através da economia digital;<br><strong>&#8211;&nbsp;</strong>Prospeção e presença em mercados internacionais (prospeção e captação de novos clientes);<br><strong>&#8211;</strong>&nbsp;Marketing internacional;<br><strong>&#8211;</strong>&nbsp;Introdução de novo método de organização nas práticas comerciais ou nas relações externas;<br><strong>&#8211;</strong>&nbsp;Certificações específicas para os mercados externos.</p>



<div class="wp-block-kobu-custom-blocks-responsive-spacer responsive-spacer size-small"></div>



<h3><strong>Objetivos Principais:</strong></h3>



<p><strong>&#8211;</strong>&nbsp;Aumentar a competitividade, a flexibilidade e a capacidade de resposta no mercado global;<br><strong>&#8211;</strong>&nbsp;Incrementar a sua capacidade para a internacionalização dos seus serviços transacionáveis diferenciadores.</p>



<div class="wp-block-kobu-custom-blocks-responsive-spacer responsive-spacer size-medium"></div>

<p>Designação do projeto | PROJETOS INDIVIDUAIS &#8211; InternacionalizaçãoCódigo do projeto | ALG &#8211; 02 &#8211; 0752 &#8211; FEDER &#8211; 034582Objetivo principal | O presente projeto tem como objetivo capacitar a Portimar para a internacionalização, através de fatores dinâmicos de competividade, que permitirá aumentar as exportações, a notoriedade e visibilidade internacional da empresa e de Portugal, enquanto destino turístico de eleição.Região de [&hellip;]</p>
